{"id":2700,"date":"2024-03-22T17:18:28","date_gmt":"2024-03-22T16:18:28","guid":{"rendered":"https:\/\/alcalaten.es\/?page_id=2700"},"modified":"2024-08-20T20:55:53","modified_gmt":"2024-08-20T18:55:53","slug":"fira-llibre","status":"publish","type":"page","link":"https:\/\/alcalaten.es\/index.php\/fira-llibre\/","title":{"rendered":"Fira del llibre del alcalat\u00e9n"},"content":{"rendered":"\t\t<div data-elementor-type=\"wp-page\" data-elementor-id=\"2700\" class=\"elementor elementor-2700\">\n\t\t\t\t<div class=\"elementor-element elementor-element-2a75a67 e-flex e-con-boxed e-con e-parent\" data-id=\"2a75a67\" data-element_type=\"container\" data-e-type=\"container\">\n\t\t\t\t\t<div class=\"e-con-inner\">\n\t\t\t\t<div class=\"elementor-element elementor-element-6084f62 elementor-widget elementor-widget-heading\" data-id=\"6084f62\" data-element_type=\"widget\" data-e-type=\"widget\" data-widget_type=\"heading.default\">\n\t\t\t\t<div class=\"elementor-widget-container\">\n\t\t\t\t\t<h2 class=\"elementor-heading-title elementor-size-default\">I FIRA DEL LLIBRE DE L\u2019ALCALATEN<\/h2>\t\t\t\t<\/div>\n\t\t\t\t<\/div>\n\t\t\t\t<div class=\"elementor-element elementor-element-2098abe elementor-widget elementor-widget-text-editor\" data-id=\"2098abe\" data-element_type=\"widget\" data-e-type=\"widget\" data-widget_type=\"text-editor.default\">\n\t\t\t\t<div class=\"elementor-widget-container\">\n\t\t\t\t\t\t\t\t\t<p style=\"text-align: center;\">AMB MOTIU DE LA XXIII MOSTRA CULTURAL DE L\u2019ALCALATEN<\/p>\t\t\t\t\t\t\t\t<\/div>\n\t\t\t\t<\/div>\n\t\t<div class=\"elementor-element elementor-element-949c84e e-con-full e-flex e-con e-child\" data-id=\"949c84e\" data-element_type=\"container\" data-e-type=\"container\">\n\t\t\t\t<div class=\"elementor-element elementor-element-00fb62a elementor-widget__width-initial elementor-widget elementor-widget-image\" data-id=\"00fb62a\" data-element_type=\"widget\" data-e-type=\"widget\" data-widget_type=\"image.default\">\n\t\t\t\t<div class=\"elementor-widget-container\">\n\t\t\t\t\t\t\t\t\t\t\t\t\t\t\t<img decoding=\"async\" src=\"https:\/\/alcalaten.es\/wp-content\/uploads\/2023\/12\/Mostra-Cultural-Alcalaten.jpg\" title=\"Mostra Cultural Alcalaten\" alt=\"Mostra Cultural Alcalaten\" loading=\"lazy\" \/>\t\t\t\t\t\t\t\t\t\t\t\t\t\t\t<\/div>\n\t\t\t\t<\/div>\n\t\t\t\t<div class=\"elementor-element elementor-element-24a7573 elementor-widget__width-initial elementor-widget elementor-widget-image\" data-id=\"24a7573\" data-element_type=\"widget\" data-e-type=\"widget\" data-widget_type=\"image.default\">\n\t\t\t\t<div class=\"elementor-widget-container\">\n\t\t\t\t\t\t\t\t\t\t\t\t\t\t\t<img decoding=\"async\" src=\"https:\/\/alcalaten.es\/wp-content\/uploads\/2024\/03\/Papeleria-Salvador.png\" title=\"\" alt=\"\" loading=\"lazy\" \/>\t\t\t\t\t\t\t\t\t\t\t\t\t\t\t<\/div>\n\t\t\t\t<\/div>\n\t\t\t\t<div class=\"elementor-element elementor-element-748b5df elementor-widget__width-initial elementor-widget elementor-widget-image\" data-id=\"748b5df\" data-element_type=\"widget\" data-e-type=\"widget\" data-widget_type=\"image.default\">\n\t\t\t\t<div class=\"elementor-widget-container\">\n\t\t\t\t\t\t\t\t\t\t\t\t\t\t\t<img fetchpriority=\"high\" decoding=\"async\" width=\"392\" height=\"333\" src=\"https:\/\/alcalaten.es\/wp-content\/uploads\/2021\/11\/Logo-coordinadora-transparent-60x51.png\" class=\"attachment-large size-large wp-image-1651\" alt=\"\" srcset=\"https:\/\/alcalaten.es\/wp-content\/uploads\/2021\/11\/Logo-coordinadora-transparent.png 392w, https:\/\/alcalaten.es\/wp-content\/uploads\/2021\/11\/Logo-coordinadora-transparent-300x255.png 300w, https:\/\/alcalaten.es\/wp-content\/uploads\/2021\/11\/Logo-coordinadora-transparent-60x51.png 60w\" sizes=\"(max-width: 392px) 100vw, 392px\" \/>\t\t\t\t\t\t\t\t\t\t\t\t\t\t\t<\/div>\n\t\t\t\t<\/div>\n\t\t\t\t<\/div>\n\t\t\t\t<div class=\"elementor-element elementor-element-cf0a63c elementor-widget__width-inherit elementor-widget elementor-widget-text-editor\" data-id=\"cf0a63c\" data-element_type=\"widget\" data-e-type=\"widget\" data-widget_type=\"text-editor.default\">\n\t\t\t\t<div class=\"elementor-widget-container\">\n\t\t\t\t\t\t\t\t\t<p>Enguany des de la coordinadora hem pensat en donar un paper destacat a les escriptores i escriptors<br \/>relacionats amb la nostra comarca. Per aix\u00f2, hem organitzat un espai per a exposici\u00f3 i venda de llibres<br \/>publicats per autors de l\u2019Alcalat\u00e9n o que fan referencia a la nostra comarca. Llibres que tamb\u00e9 incorporarem<br \/>a la nostra web https:\/\/alcalaten.es<\/p><p>La coordinaci\u00f3 de la fira la realitzar\u00e0 PAPERERIA LLIBRERIA SALVADOR de L\u2019Alcora.<\/p><p>Si has escrit i publicat algun llibre i vols participar en la Mostra Cultural pots seguir els seg\u00fcents passos:<\/p><ol><li>Enviar un email a Papereria Salvador indicant el nom del llibre (o dels libres) i de l\u2019autor (email:<br \/>papereriasalvador@gmail.com)<\/li><li>Fer-nos arribar 5 o 10 llibres (en el cas que no en tinguem en la llibreria). Els possibles beneficis de la<br \/>venda aniran destinats a sufragar les despeses de la fira.<\/li><li>Apuntar-te a alguna hora determinada per a poder explicar durant un m\u00e0xim de 10 minuts les teues<br \/>publicacions (\u00c9S OPCIONAL, per\u00f2 ens agradaria el formular\u00ed esta en la part inferior).<\/li><li>Signar els teus libres a la gent que els compre (instal\u00b7larem unes casetes i uns espais perqu\u00e8 puguen<br \/>signar diversos autors alhora). No hi ha l\u00edmit de temps.<\/li><\/ol><div>Per a la Web ens pots enviar una foto teua, nom i cognoms, foto de la portada i de la contraportada del<br \/>llibre que has publicat, t\u00edtol, any edici\u00f3, editorial, ISBN, PVP i un comentari de no m\u00e9s de 3 l\u00ednies (opcional).<\/div><div>\u00a0<\/div><div>Adjuntem un formulari amb els horaris disponibles per a poder presentar la teua publicaci\u00f3. Per sol\u00b7licitar un horari pots elegir la hora lliure i ens posarem en contacte amb tu.<\/div><div>\u00a0<\/div><div>Pots enviar-nos la informaci\u00f3 fins al 20 d\u2019abril.<\/div><div>\u00a0<\/div><div>Gr\u00e0cies per endavant.<\/div>\t\t\t\t\t\t\t\t<\/div>\n\t\t\t\t<\/div>\n\t\t\t\t\t<\/div>\n\t\t\t\t<\/div>\n\t\t\t\t<\/div>\n\t\t","protected":false},"excerpt":{"rendered":"<p>I FIRA DEL LLIBRE DE L\u2019ALCALATEN AMB MOTIU DE LA XXIII MOSTRA CULTURAL DE L\u2019ALCALATEN Enguany des de la coordinadora hem pensat en donar un paper destacat a les escriptores i escriptorsrelacionats amb la nostra comarca. Per aix\u00f2, hem organitzat un espai per a exposici\u00f3 i venda de llibrespublicats per autors de l\u2019Alcalat\u00e9n o que [&hellip;]<\/p>\n","protected":false},"author":1,"featured_media":0,"parent":0,"menu_order":0,"comment_status":"closed","ping_status":"closed","template":"","meta":{"_acf_changed":false,"site-sidebar-layout":"no-sidebar","site-content-layout":"page-builder","ast-site-content-layout":"full-width-container","site-content-style":"default","site-sidebar-style":"default","ast-global-header-display":"","ast-banner-title-visibility":"","ast-main-header-display":"","ast-hfb-above-header-display":"","ast-hfb-below-header-display":"","ast-hfb-mobile-header-display":"","site-post-title":"disabled","ast-breadcrumbs-content":"","ast-featured-img":"disabled","footer-sml-layout":"","ast-disable-related-posts":"","theme-transparent-header-meta":"","adv-header-id-meta":"","stick-header-meta":"","header-above-stick-meta":"","header-main-stick-meta":"","header-below-stick-meta":"","astra-migrate-meta-layouts":"default","ast-page-background-enabled":"default","ast-page-background-meta":{"desktop":{"background-color":"var(--ast-global-color-4)","background-image":"","background-repeat":"repeat","background-position":"center center","background-size":"auto","background-attachment":"scroll","background-type":"","background-media":"","overlay-type":"","overlay-color":"","overlay-opacity":"","overlay-gradient":""},"tablet":{"background-color":"","background-image":"","background-repeat":"repeat","background-position":"center center","background-size":"auto","background-attachment":"scroll","background-type":"","background-media":"","overlay-type":"","overlay-color":"","overlay-opacity":"","overlay-gradient":""},"mobile":{"background-color":"","background-image":"","background-repeat":"repeat","background-position":"center center","background-size":"auto","background-attachment":"scroll","background-type":"","background-media":"","overlay-type":"","overlay-color":"","overlay-opacity":"","overlay-gradient":""}},"ast-content-background-meta":{"desktop":{"background-color":"var(--ast-global-color-5)","background-image":"","background-repeat":"repeat","background-position":"center center","background-size":"auto","background-attachment":"scroll","background-type":"","background-media":"","overlay-type":"","overlay-color":"","overlay-opacity":"","overlay-gradient":""},"tablet":{"background-color":"var(--ast-global-color-5)","background-image":"","background-repeat":"repeat","background-position":"center center","background-size":"auto","background-attachment":"scroll","background-type":"","background-media":"","overlay-type":"","overlay-color":"","overlay-opacity":"","overlay-gradient":""},"mobile":{"background-color":"var(--ast-global-color-5)","background-image":"","background-repeat":"repeat","background-position":"center center","background-size":"auto","background-attachment":"scroll","background-type":"","background-media":"","overlay-type":"","overlay-color":"","overlay-opacity":"","overlay-gradient":""}},"footnotes":""},"class_list":["post-2700","page","type-page","status-publish","hentry"],"aioseo_notices":[],"acf":[],"_links":{"self":[{"href":"https:\/\/alcalaten.es\/index.php\/wp-json\/wp\/v2\/pages\/2700","targetHints":{"allow":["GET"]}}],"collection":[{"href":"https:\/\/alcalaten.es\/index.php\/wp-json\/wp\/v2\/pages"}],"about":[{"href":"https:\/\/alcalaten.es\/index.php\/wp-json\/wp\/v2\/types\/page"}],"author":[{"embeddable":true,"href":"https:\/\/alcalaten.es\/index.php\/wp-json\/wp\/v2\/users\/1"}],"replies":[{"embeddable":true,"href":"https:\/\/alcalaten.es\/index.php\/wp-json\/wp\/v2\/comments?post=2700"}],"version-history":[{"count":6,"href":"https:\/\/alcalaten.es\/index.php\/wp-json\/wp\/v2\/pages\/2700\/revisions"}],"predecessor-version":[{"id":3328,"href":"https:\/\/alcalaten.es\/index.php\/wp-json\/wp\/v2\/pages\/2700\/revisions\/3328"}],"wp:attachment":[{"href":"https:\/\/alcalaten.es\/index.php\/wp-json\/wp\/v2\/media?parent=2700"}],"curies":[{"name":"wp","href":"https:\/\/api.w.org\/{rel}","templated":true}]}}