{"id":2760,"date":"2024-03-29T19:36:16","date_gmt":"2024-03-29T18:36:16","guid":{"rendered":"https:\/\/alcalaten.es\/?page_id=2760"},"modified":"2024-06-13T15:48:03","modified_gmt":"2024-06-13T13:48:03","slug":"incripcio-concurs-fallera-calavera","status":"publish","type":"page","link":"https:\/\/alcalaten.es\/index.php\/incripcio-concurs-fallera-calavera\/","title":{"rendered":"I Concurs de la Fallera Calavera"},"content":{"rendered":"\t\t<div data-elementor-type=\"wp-page\" data-elementor-id=\"2760\" class=\"elementor elementor-2760\">\n\t\t\t\t<div class=\"elementor-element elementor-element-c9952a3 e-flex e-con-boxed e-con e-parent\" data-id=\"c9952a3\" data-element_type=\"container\" data-e-type=\"container\">\n\t\t\t\t\t<div class=\"e-con-inner\">\n\t\t\t\t<div class=\"elementor-element elementor-element-eb315ce elementor-widget elementor-widget-image\" data-id=\"eb315ce\" data-element_type=\"widget\" data-e-type=\"widget\" data-widget_type=\"image.default\">\n\t\t\t\t<div class=\"elementor-widget-container\">\n\t\t\t\t\t\t\t\t\t\t\t\t\t\t\t\t<a href=\"https:\/\/alcalaten.es\/wp-content\/uploads\/2024\/04\/Cartell-Fallera-Calavera.png\" data-elementor-open-lightbox=\"yes\" data-elementor-lightbox-title=\"Cartell Fallera Calavera\" data-e-action-hash=\"#elementor-action%3Aaction%3Dlightbox%26settings%3DeyJpZCI6Mjc5OCwidXJsIjoiaHR0cHM6XC9cL2FsY2FsYXRlbi5lc1wvd3AtY29udGVudFwvdXBsb2Fkc1wvMjAyNFwvMDRcL0NhcnRlbGwtRmFsbGVyYS1DYWxhdmVyYS5wbmcifQ%3D%3D\">\n\t\t\t\t\t\t\t<img fetchpriority=\"high\" decoding=\"async\" width=\"682\" height=\"1024\" src=\"https:\/\/alcalaten.es\/wp-content\/uploads\/2024\/04\/Cartell-Fallera-Calavera-682x1024.png\" class=\"attachment-large size-large wp-image-2798\" alt=\"\" srcset=\"https:\/\/alcalaten.es\/wp-content\/uploads\/2024\/04\/Cartell-Fallera-Calavera-682x1024.png 682w, https:\/\/alcalaten.es\/wp-content\/uploads\/2024\/04\/Cartell-Fallera-Calavera-200x300.png 200w, https:\/\/alcalaten.es\/wp-content\/uploads\/2024\/04\/Cartell-Fallera-Calavera-768x1152.png 768w, https:\/\/alcalaten.es\/wp-content\/uploads\/2024\/04\/Cartell-Fallera-Calavera-1024x1536.png 1024w, https:\/\/alcalaten.es\/wp-content\/uploads\/2024\/04\/Cartell-Fallera-Calavera.png 1333w\" sizes=\"(max-width: 682px) 100vw, 682px\" \/>\t\t\t\t\t\t\t\t<\/a>\n\t\t\t\t\t\t\t\t\t\t\t\t\t\t\t<\/div>\n\t\t\t\t<\/div>\n\t\t\t\t<div class=\"elementor-element elementor-element-c86c076 elementor-widget elementor-widget-text-editor\" data-id=\"c86c076\" data-element_type=\"widget\" data-e-type=\"widget\" data-widget_type=\"text-editor.default\">\n\t\t\t\t<div class=\"elementor-widget-container\">\n\t\t\t\t\t\t\t\t\t<p>Condicions i bases del concurs:<\/p>\n<p>La inscripci\u00f3 ser\u00e0 de 2\u20ac que es pagaran el mateix dia de l\u2019esdeveniment.&nbsp;<\/p>\n<p>\u00c9s necessari estar inscrit per a poder participar ja que hem de tindre una previsi\u00f3 de quants jocs necessitarem per al concurs.<\/p>\n<p>Segons la quantitat de jugadors que s&#8217;apunten al concurs, este tindr\u00e0 una o diverses rondes.<\/p>\n<p><span style=\"font-style: inherit; font-weight: inherit; text-align: var(--text-align); background-color: var(--ast-global-color-5); color: var(--ast-global-color-3);\">Inicialment si hi ha de 16 a 25 persones, es realitzar\u00e0 una primera ronda en 4-5 jugadors per partida i el guanyador de cadascuna d&#8217;elles s&#8217;enfrontar\u00e0 en la final.<\/span><\/p>\n<p>Si hi ha mes de 25 persones es tindr\u00e0 de veure si hi ha ronda inicial, semifinal i final. Tot dep\u00e9n del total de participants.<\/p>\n<p>El joc utilitzat ser\u00e0 el de la Fallera Calavera 1 i el concurs \u00e9s per a totes les edats.<\/p>\n<p>Premi:<\/p>\n<p><span style=\"font-style: inherit; font-weight: inherit; text-align: var(--text-align); background-color: var(--ast-global-color-5); color: var(--ast-global-color-3);\">El premi ser\u00e0 una carta especial i un joc valorat en 50\u20ac o diversos jocs del mateix valor (del mateix creador de la fallera calavera)<\/span><\/p>\n<p>&nbsp;Estes s\u00f3n les cartes especials rebudes. Una d&#8217;elles ser\u00e0 per al guanyador, l&#8217;altra se sortejara entre els participants.<\/p><p><br><\/p><p><br><\/p>\t\t\t\t\t\t\t\t<\/div>\n\t\t\t\t<\/div>\n\t\t\t\t\t<\/div>\n\t\t\t\t<\/div>\n\t\t<div class=\"elementor-element elementor-element-b823465 e-con-full e-flex e-con e-parent\" data-id=\"b823465\" data-element_type=\"container\" data-e-type=\"container\">\n\t\t\t\t<div class=\"elementor-element elementor-element-eb6d17c elementor-widget elementor-widget-image\" data-id=\"eb6d17c\" data-element_type=\"widget\" data-e-type=\"widget\" data-widget_type=\"image.default\">\n\t\t\t\t<div class=\"elementor-widget-container\">\n\t\t\t\t\t\t\t\t\t\t\t\t\t\t\t<img decoding=\"async\" width=\"700\" height=\"904\" src=\"https:\/\/alcalaten.es\/wp-content\/uploads\/2024\/04\/IMG_20240418_003838.jpg\" class=\"attachment-large size-large wp-image-2864\" alt=\"\" srcset=\"https:\/\/alcalaten.es\/wp-content\/uploads\/2024\/04\/IMG_20240418_003838.jpg 700w, https:\/\/alcalaten.es\/wp-content\/uploads\/2024\/04\/IMG_20240418_003838-232x300.jpg 232w\" sizes=\"(max-width: 700px) 100vw, 700px\" \/>\t\t\t\t\t\t\t\t\t\t\t\t\t\t\t<\/div>\n\t\t\t\t<\/div>\n\t\t\t\t<div class=\"elementor-element elementor-element-818cb0c elementor-widget elementor-widget-image\" data-id=\"818cb0c\" data-element_type=\"widget\" data-e-type=\"widget\" data-widget_type=\"image.default\">\n\t\t\t\t<div class=\"elementor-widget-container\">\n\t\t\t\t\t\t\t\t\t\t\t\t\t\t\t<img decoding=\"async\" width=\"562\" height=\"1024\" src=\"https:\/\/alcalaten.es\/wp-content\/uploads\/2024\/04\/IMG_20240418_004140-562x1024.jpg\" class=\"attachment-large size-large wp-image-2863\" alt=\"\" srcset=\"https:\/\/alcalaten.es\/wp-content\/uploads\/2024\/04\/IMG_20240418_004140-562x1024.jpg 562w, https:\/\/alcalaten.es\/wp-content\/uploads\/2024\/04\/IMG_20240418_004140-165x300.jpg 165w, https:\/\/alcalaten.es\/wp-content\/uploads\/2024\/04\/IMG_20240418_004140-768x1400.jpg 768w, https:\/\/alcalaten.es\/wp-content\/uploads\/2024\/04\/IMG_20240418_004140.jpg 806w\" sizes=\"(max-width: 562px) 100vw, 562px\" \/>\t\t\t\t\t\t\t\t\t\t\t\t\t\t\t<\/div>\n\t\t\t\t<\/div>\n\t\t\t\t<div class=\"elementor-element elementor-element-82f9e85 elementor-widget elementor-widget-image\" data-id=\"82f9e85\" data-element_type=\"widget\" data-e-type=\"widget\" data-widget_type=\"image.default\">\n\t\t\t\t<div class=\"elementor-widget-container\">\n\t\t\t\t\t\t\t\t\t\t\t\t\t\t\t<img loading=\"lazy\" decoding=\"async\" width=\"580\" height=\"1024\" src=\"https:\/\/alcalaten.es\/wp-content\/uploads\/2024\/04\/IMG_20240418_004339-580x1024.jpg\" class=\"attachment-large size-large wp-image-2862\" alt=\"\" srcset=\"https:\/\/alcalaten.es\/wp-content\/uploads\/2024\/04\/IMG_20240418_004339-580x1024.jpg 580w, https:\/\/alcalaten.es\/wp-content\/uploads\/2024\/04\/IMG_20240418_004339-170x300.jpg 170w, https:\/\/alcalaten.es\/wp-content\/uploads\/2024\/04\/IMG_20240418_004339-768x1356.jpg 768w, https:\/\/alcalaten.es\/wp-content\/uploads\/2024\/04\/IMG_20240418_004339-870x1536.jpg 870w, https:\/\/alcalaten.es\/wp-content\/uploads\/2024\/04\/IMG_20240418_004339.jpg 921w\" sizes=\"(max-width: 580px) 100vw, 580px\" \/>\t\t\t\t\t\t\t\t\t\t\t\t\t\t\t<\/div>\n\t\t\t\t<\/div>\n\t\t\t\t<\/div>\n\t\t\t\t<\/div>\n\t\t","protected":false},"excerpt":{"rendered":"<p>Condicions i bases del concurs: La inscripci\u00f3 ser\u00e0 de 2\u20ac que es pagaran el mateix dia de l\u2019esdeveniment.&nbsp; \u00c9s necessari estar inscrit per a poder participar ja que hem de tindre una previsi\u00f3 de quants jocs necessitarem per al concurs. Segons la quantitat de jugadors que s&#8217;apunten al concurs, este tindr\u00e0 una o diverses rondes. [&hellip;]<\/p>\n","protected":false},"author":1,"featured_media":0,"parent":0,"menu_order":0,"comment_status":"closed","ping_status":"closed","template":"","meta":{"_acf_changed":false,"site-sidebar-layout":"no-sidebar","site-content-layout":"page-builder","ast-site-content-layout":"full-width-container","site-content-style":"unboxed","site-sidebar-style":"unboxed","ast-global-header-display":"","ast-banner-title-visibility":"","ast-main-header-display":"","ast-hfb-above-header-display":"","ast-hfb-below-header-display":"","ast-hfb-mobile-header-display":"","site-post-title":"disabled","ast-breadcrumbs-content":"","ast-featured-img":"disabled","footer-sml-layout":"","ast-disable-related-posts":"","theme-transparent-header-meta":"","adv-header-id-meta":"","stick-header-meta":"","header-above-stick-meta":"","header-main-stick-meta":"","header-below-stick-meta":"","astra-migrate-meta-layouts":"set","ast-page-background-enabled":"default","ast-page-background-meta":{"desktop":{"background-color":"var(--ast-global-color-4)","background-image":"","background-repeat":"repeat","background-position":"center center","background-size":"auto","background-attachment":"scroll","background-type":"","background-media":"","overlay-type":"","overlay-color":"","overlay-opacity":"","overlay-gradient":""},"tablet":{"background-color":"","background-image":"","background-repeat":"repeat","background-position":"center center","background-size":"auto","background-attachment":"scroll","background-type":"","background-media":"","overlay-type":"","overlay-color":"","overlay-opacity":"","overlay-gradient":""},"mobile":{"background-color":"","background-image":"","background-repeat":"repeat","background-position":"center center","background-size":"auto","background-attachment":"scroll","background-type":"","background-media":"","overlay-type":"","overlay-color":"","overlay-opacity":"","overlay-gradient":""}},"ast-content-background-meta":{"desktop":{"background-color":"var(--ast-global-color-5)","background-image":"","background-repeat":"repeat","background-position":"center center","background-size":"auto","background-attachment":"scroll","background-type":"","background-media":"","overlay-type":"","overlay-color":"","overlay-opacity":"","overlay-gradient":""},"tablet":{"background-color":"var(--ast-global-color-5)","background-image":"","background-repeat":"repeat","background-position":"center center","background-size":"auto","background-attachment":"scroll","background-type":"","background-media":"","overlay-type":"","overlay-color":"","overlay-opacity":"","overlay-gradient":""},"mobile":{"background-color":"var(--ast-global-color-5)","background-image":"","background-repeat":"repeat","background-position":"center center","background-size":"auto","background-attachment":"scroll","background-type":"","background-media":"","overlay-type":"","overlay-color":"","overlay-opacity":"","overlay-gradient":""}},"footnotes":""},"class_list":["post-2760","page","type-page","status-publish","hentry"],"aioseo_notices":[],"acf":[],"_links":{"self":[{"href":"https:\/\/alcalaten.es\/index.php\/wp-json\/wp\/v2\/pages\/2760","targetHints":{"allow":["GET"]}}],"collection":[{"href":"https:\/\/alcalaten.es\/index.php\/wp-json\/wp\/v2\/pages"}],"about":[{"href":"https:\/\/alcalaten.es\/index.php\/wp-json\/wp\/v2\/types\/page"}],"author":[{"embeddable":true,"href":"https:\/\/alcalaten.es\/index.php\/wp-json\/wp\/v2\/users\/1"}],"replies":[{"embeddable":true,"href":"https:\/\/alcalaten.es\/index.php\/wp-json\/wp\/v2\/comments?post=2760"}],"version-history":[{"count":15,"href":"https:\/\/alcalaten.es\/index.php\/wp-json\/wp\/v2\/pages\/2760\/revisions"}],"predecessor-version":[{"id":3273,"href":"https:\/\/alcalaten.es\/index.php\/wp-json\/wp\/v2\/pages\/2760\/revisions\/3273"}],"wp:attachment":[{"href":"https:\/\/alcalaten.es\/index.php\/wp-json\/wp\/v2\/media?parent=2760"}],"curies":[{"name":"wp","href":"https:\/\/api.w.org\/{rel}","templated":true}]}}